 18?
18
Let x = 366 - 247. Let k(j) = 2*j**3 - 5*j**2 + 2*j + 2. Let i be k(3). What is the greatest common factor of i and x?
17
Let t(i) = i**2 - 2*i - 5. Let u be t(5). Suppose 0 = 4*q + 3*d - 289, -4*d + 71 = q - 3*d. Let n = 186 - q. What is the greatest common divisor of n and u?
10
Suppose -4*a - 16 = -48. Suppose 3*f - a*f + 65 = 0. Calculate the greatest common divisor of f and 104.
13
Let h be 6/33 + 1190/110. Let y = 0 - 10. Let r be 4/(-10) + (-884)/y. Calculate the greatest common divisor of h and r.
11
Suppose -3*b + 95 = 8. Suppose p + 2 = b. Calculate the highest common divisor of 3 and p.
3
Let m(i) = i**2 - 5*i - 6. Let c = 6 + 0. Let x be m(c). Let k be -1 - ((-1 - 95) + x). Calculate the greatest common factor of k and 38.
19
Suppose 42*u + 19 = 43*u. Calculate the greatest common divisor of u and 247.
19
Let d = 50 + -20. Suppose -d = 4*k - 9*k. Calculate the highest common divisor of 66 and k.
6
Let g = 30 + -12. Let s be (48/(-9))/((-2)/g). What is the greatest common divisor of s and 16?
16
Let s(n) = -14*n**2 - 3*n. Let l be s(-2). Let w = l + 75. Suppose 4*y - w = -y. What is the greatest common divisor of 45 and y?
5
Let q(a) = -11*a - 6. Let s be q(-4). Let g = s - 13. Calculate the highest common factor of g and 5.
5
Let c be (96/28)/(1/7). Calculate the greatest common factor of c and 36.
12
Let j = -138 + 248. Calculate the highest common divisor of j and 10.
10
Suppose 5*v - v = 24. What is the greatest common factor of 54 and v?
6
Let j be 3/12 - (-111)/4. Suppose -4*u + 2*b + j = 3*b, 0 = 3*b. Calculate the greatest common factor of 77 and u.
7
Let f = -1 - -15. Calculate the greatest common factor of f and 2.
2
Suppose c = 2*c + h + 2, 0 = -3*h - 9. Suppose 23 + c = 3*g. What is the highest common divisor of 72 and g?
8
Let x be 92/16 - 3/(-12). Calculate the highest common factor of x and 6.
6
Let u = 71 - -24. Calculate the highest common divisor of u and 38.
19
Suppose -5*k + 22 = -4*r, 2*k = -0*k - 2*r - 2. What is the greatest common divisor of k and 22?
2
Suppose 2*y - 14 = 5*l, -4*l + 3*l + 38 = 2*y. Let k = 26 - y. Calculate the highest common divisor of k and 63.
9
Let c(w) = w**3 + 7*w**2 - 8*w + 4. Let u be c(-8). Calculate the greatest common factor of u and 44.
4
Let o(p) = -1 + 0*p**2 - p - 3 - 2 + p**2. Let g be o(-5). Calculate the highest common divisor of g and 16.
8
Let a be (11 - 12)*(-6)/1. Suppose a*i = -i + 35. What is the greatest common divisor of 10 and i?
5
Let o be (-5)/5 + 0 + 5. Suppose o*b - 5*b = -8. Let y be 1 - -1*71/1. What is the highest common factor of b and y?
8
Let b be 242/8 - (-2)/(-8). Suppose -2*y = -3*l - 88 + 23, -y - 20 = l. Let j = 31 + l. Calculate the highest common divisor of j and b.
10
Let c(q) = 6*q**2 - 3*q + 3. Let a be c(2). Calculate the highest common factor of 336 and a.
21
Suppose -9*r = -3*r - 90. Calculate the greatest common divisor of 60 and r.
15
Let h(s) = s**2 + 7*s - 13. Let v be h(-9). Calculate the highest common divisor of v and 50.
5
Suppose -2*l - 17 + 73 = 3*r, -5*r + 3*l = -125. Let f = 5 + r. What is the greatest common factor of 9 and f?
9
Let u = -7 - -16. What is the greatest common divisor of 18 and u?
9
Let r(y) = y + 21. Let s be r(-10). What is the greatest common divisor of 121 and s?
11
Let q be (-4)/(-8)*(0 - -4). Suppose -2*t - 12 = -q, -4*x - 2*t = -14. Calculate the greatest common divisor of 12 and x.
6
Suppose 2*c - 286 = 4*y, 0 = 5*c + 3*y + 2*y - 790. Suppose -o + c - 32 = 0. What is the greatest common divisor of 11 and o?
11
Let y(r) = -6*r + 3. Let d(b) = 5*b - 3. Let i(w) = 5*d(w) + 4*y(w). Let a be i(10). Suppose 25 = a*h - 2*h. Calculate the greatest common divisor of 5 and h.
5
Suppose -4*b - 30 = -x, 4*x - 22 - 14 = -5*b. Let p = -1 - -1. Suppose -y + p*y + v = -109, 0 = -5*y - 4*v + 572. What is the highest common factor of y and x?
14
Suppose 5*r - 6*r = -23. Let m be 0 + -1 - (-117 - -1). What is the greatest common divisor of r and m?
23
Let w be (-3)/(2/(-3 + 1)). Suppose -2*z - w*z = f - 80, -25 = -2*z + f. What is the highest common factor of 5 and z?
5
Let c = 20 - -79. Suppose 12 = -2*x + 5*k, -4*k + 7*k = 0. Let f be (-67)/x - 3/18. What is the greatest common divisor of c and f?
11
Let g = -6 + 9. Suppose 28 = -i + g*i. Let j be (-4)/i + (-18)/(-14). What is the greatest common factor of 1 and j?
1
Let b(d) = -d. Let x be b(0). Suppose x = 4*v + 5*p - 23, -5*p = -5*v + 35 + 5. Calculate the greatest common factor of v and 21.
7
Let f be (-32)/40*(-550)/4. Calculate the highest common divisor of 10 and f.
10
Let h(a) = 5*a - 12. Let o be h(6). Suppose c - o = 4*y, -2*y + y = 3*c - 2. What is the highest common factor of c and 2?
2
Let l(a) = -2*a + 11. Let d be l(8). Let x(m) = -7*m + 7. Let z be x(d). Calculate the greatest common divisor of 21 and z.
21
Suppose -7*g + 17*g - 1260 = 0. Calculate the highest common divisor of g and 14.
14
Let g = 15 - -127. Calculate the highest common divisor of g and 355.
71
Let j be ((-264)/(-36))/(2/3). Suppose 4*h - 3*x = 3*h - j, -2*h = 3*x - 23. Calculate the greatest common factor of 2 and h.
2
Suppose -5*z = 2 - 72. What is the highest common divisor of 14 and z?
14
Let d be (-1)/(-2)*22/1. Suppose -39 = 2*o - o. Let g = 38 - o. What is the highest common factor of g and d?
11
Let r(a) = -3*a - 79. Let v be r(-27). Calculate the greatest common divisor of v and 2.
2
Let x(y) = 10*y - 7. Let z(h) = 5*h - 4. Let o(t) = -3*x(t) + 7*z(t). Let u be o(5). Calculate the highest common factor of 180 and u.
18
Suppose -5*b + 78 = 5*p - 112, 4*p = -b + 155. What is the highest common factor of 26 and p?
13
Let r = 42 - -9. Let s(v) = v - 61. Let a be s(0). Let i = -27 - a. Calculate the greatest common divisor of i and r.
17
Let a(p) = p - 3. Let l be a(5). Let v be 1/l - (-30)/12. Let k be (-6)/v - (-96 + 3). What is the greatest common divisor of 13 and k?
13
Let h(p) = -49*p**3 + p**2 + 2*p + 1. Let f(u) = -u + 3. Let g be f(4). Let d be h(g). Let y = 18 - 11. What is the highest common factor of y and d?
7
Let r = 236 + 17. Let v = 66 + 47. Let q = r - v. What is the greatest common factor of 20 and q?
20
Let l(g) = g**3 - 3*g**2 - 4*g + 6. Let x be l(4). Suppose -2*j + x = s, -2 = 3*j + s - 13. What is the highest common divisor of 5 and j?
5
Let m be -1*1/(-1) - -125. Suppose 2*p = 6 + 2. Suppose -p = -2*w + 24. What is the greatest common divisor of w and m?
14
Suppose 5*r + 0*i - 4*i + 8 = 0, r - 2 = -i. Suppose -2*m + 25 + 5 = r. Calculate the highest common divisor of 150 and m.
15
Suppose 34 = u + 5*j, -j - 242 + 92 = -3*u. Let m be (-2 - -3)*9 + -2. Calculate the highest common factor of u and m.
7
Let q(h) = 2*h**2 - 20*h + 43. Let y be q(12). Calculate the highest common factor of 13 and y.
13
Let r be 174/8 + (5 - 57/12). Calculate the highest common divisor of r and 198.
22
Let n be (-5 - -4)*(-1 - 0)*39. Suppose 4*t - 26 = 2*t. Calculate the highest common divisor of n and t.
13
Let k = 4 - 5. Let d be 37 + 2 + (-1)/k. What is the highest common factor of 16 and d?
8
Suppose -3*g - 2*f = -62, -111 = -4*g + 7*f - 4*f. Calculate the greatest common divisor of 48 and g.
24
Suppose 4*y - 79 - 33 = 0. Let a(p) = -p**2 + 4*p + 70. Let g be a(0). Calculate the greatest common divisor of g and y.
14
Suppose w + 3*w - 472 = 2*d, 4*w + 5*d - 500 = 0. Let a be (-26 - 10)*(-4)/6. Calculate the greatest common divisor of w and a.
24
Let h(q) = -2*q**3. Let s be h(1). Let j be 4/(s + (-16)/(-7)). Let g be (7/(-2)*-1)/(-2)*-4. Calculate the highest common divisor of j and g.
7
Suppose -3*i + 181 = -35. What is the greatest common divisor of i and 9?
9
Suppose w = -0*w + 23. Let a = -193 + 239. What is the highest common divisor of w and a?
23
Suppose p = 2*p - 22. Let b be (-9)/((-27)/164) + 3/9. Calculate the greatest common factor of b and p.
11
Suppose 0 = -o + 5*b + 15, -5*b - 2 - 18 = -2*o. Suppose -4*n = 4, n + 22 = o*v + 1. What is the highest common factor of 16 and v?
4
Let z = 17 + -35. Let c = z + 25. What is the greatest common factor of 77 and c?
7
Suppose 7 = k + 2. Let s be 2 + k + (4 - 2). Suppose 14*h - 54 = 13*h. What is the greatest common divisor of s and h?
9
Suppose -4*k - 4 = -20, 3*k = -3*u + 102. Let c be -1 + 24 + (-5 - -2). What is t